{"id":9828,"date":"2025-09-26T13:26:35","date_gmt":"2025-09-26T11:26:35","guid":{"rendered":"https:\/\/sonnenschein-uslar.de\/?post_type=product&#038;p=9828"},"modified":"2025-09-26T13:56:31","modified_gmt":"2025-09-26T11:56:31","slug":"boar-keilerskull-t-shirt","status":"publish","type":"product","link":"https:\/\/sonnenschein-uslar.de\/?product=boar-keilerskull-t-shirt","title":{"rendered":"Boar Keilerskull T-shirt"},"content":{"rendered":"<p>Boarhub T-Shirt \u201eKeiler Skull\u201c \u2013 markantes Jagdshirt f\u00fcr Damen &amp; Herren<\/p>\n<p>Das Boarhub T-Shirt \u201eKeiler Skull\u201c vereint kraftvolles Jagdmotiv mit modernem Streetwear-Look. Wie bei allen Boarhub Designs ist auch dieses Shirt eine Hommage an die Jagd und spiegelt St\u00e4rke, Wildheit und Respekt gegen\u00fcber dem Schwarzwild wider.<\/p>\n<p>Im Mittelpunkt steht der Keilerkopf, k\u00fcnstlerisch gestaltet mit Sch\u00e4del-Elementen. Dadurch entsteht ein markantes, teils mystisches Design, das die Faszination der Jagd perfekt einf\u00e4ngt. Ob im Revier, auf Gesellschaftsjagden oder im Alltag \u2013 dieses Shirt ist ein echter Blickfang.<\/p>\n<p>Details zum Boarhub T-Shirt \u201eKeiler Skull\u201c:<\/p>\n<ul>\n<li>Hochwertiger Baumwollstoff f\u00fcr angenehmen Tragekomfort<\/li>\n<li>Gro\u00dfer R\u00fcckenprint + kleiner Brustprint links<\/li>\n<li>Erh\u00e4ltlich im Damen- und Herrenschnitt<\/li>\n<li>Verschiedene Farben zur Auswahl<\/li>\n<li>Langlebiger, detailreicher Druck in Premiumqualit\u00e4t<\/li>\n<\/ul>\n<p>Warum das \u201eKeiler Skull\u201c T-Shirt?<\/p>\n<p>Dieses Shirt ist mehr als nur Jagdbekleidung \u2013 es ist ein Symbol f\u00fcr Tradition und Leidenschaft. Der Keiler-Sch\u00e4del verbindet jagdliche St\u00e4rke mit einem unverwechselbaren Lifestyle-Look und macht das T-Shirt zu einem Must-have f\u00fcr alle J\u00e4gerinnen, J\u00e4ger und Schwarzwild-Fans.<\/p>\n<p>abb. \u00e4hnlich, KI generiertes Bild<\/p>\n","protected":false},"excerpt":{"rendered":"<p>Boarhub T-Shirt \u201eKeiler Skull\u201c \u2013 markantes Jagdshirt f\u00fcr Damen &amp; Herren Das Boarhub T-Shirt \u201eKeiler Skull\u201c vereint kraftvolles Jagdmotiv mit modernem Streetwear-Look. Wie bei allen Boarhub Designs ist auch dieses Shirt eine Hommage an die Jagd und spiegelt St\u00e4rke, Wildheit und Respekt gegen\u00fcber dem Schwarzwild wider. Im Mittelpunkt steht der Keilerkopf, k\u00fcnstlerisch gestaltet mit Sch\u00e4del-Elementen. [&hellip;]<\/p>\n","protected":false},"featured_media":9833,"template":"","meta":[],"product_brand":[],"product_cat":[444,84],"product_tag":[616,628,617,618,619,629,620,630,621,622,631,623,632,624],"class_list":{"0":"post-9828","1":"product","2":"type-product","3":"status-publish","4":"has-post-thumbnail","6":"product_cat-alles","7":"product_cat-boar-hub","8":"product_tag-boarhub","9":"product_tag-boarhub-shirt-smoke-em","10":"product_tag-camouflage","11":"product_tag-hoodie","12":"product_tag-jagd","13":"product_tag-jagd-t-shirt-kaufen","14":"product_tag-jagdbekleidung","15":"product_tag-jagdbekleidung-lifestyle","16":"product_tag-jagdmode","17":"product_tag-keiler","18":"product_tag-lustiges-jagdshirt-design","19":"product_tag-schwarzwild","20":"product_tag-t-shirt-fuer-jaeger-damen-herren","21":"product_tag-wildhub","22":"product_shipping_class-standard","24":"first","25":"instock","26":"taxable","27":"shipping-taxable","28":"purchasable","29":"product-type-variable"},"_links":{"self":[{"href":"https:\/\/sonnenschein-uslar.de\/index.php?rest_route=\/wp\/v2\/product\/9828","targetHints":{"allow":["GET"]}}],"collection":[{"href":"https:\/\/sonnenschein-uslar.de\/index.php?rest_route=\/wp\/v2\/product"}],"about":[{"href":"https:\/\/sonnenschein-uslar.de\/index.php?rest_route=\/wp\/v2\/types\/product"}],"wp:featuredmedia":[{"embeddable":true,"href":"https:\/\/sonnenschein-uslar.de\/index.php?rest_route=\/wp\/v2\/media\/9833"}],"wp:attachment":[{"href":"https:\/\/sonnenschein-uslar.de\/index.php?rest_route=%2Fwp%2Fv2%2Fmedia&parent=9828"}],"wp:term":[{"taxonomy":"product_brand","embeddable":true,"href":"https:\/\/sonnenschein-uslar.de\/index.php?rest_route=%2Fwp%2Fv2%2Fproduct_brand&post=9828"},{"taxonomy":"product_cat","embeddable":true,"href":"https:\/\/sonnenschein-uslar.de\/index.php?rest_route=%2Fwp%2Fv2%2Fproduct_cat&post=9828"},{"taxonomy":"product_tag","embeddable":true,"href":"https:\/\/sonnenschein-uslar.de\/index.php?rest_route=%2Fwp%2Fv2%2Fproduct_tag&post=9828"}],"curies":[{"name":"wp","href":"https:\/\/api.w.org\/{rel}","templated":true}]}}