{"id":9827,"date":"2025-09-26T13:26:30","date_gmt":"2025-09-26T11:26:30","guid":{"rendered":"https:\/\/sonnenschein-uslar.de\/?post_type=product&#038;p=9827"},"modified":"2025-09-26T13:57:41","modified_gmt":"2025-09-26T11:57:41","slug":"boar-smoke-them-t-shirt","status":"publish","type":"product","link":"https:\/\/sonnenschein-uslar.de\/?product=boar-smoke-them-t-shirt","title":{"rendered":"Boar Smoke them T-shirt"},"content":{"rendered":"<blockquote><p>Boarhub T-Shirt \u201eSmoke em\u201c \u2013 Jagd-Design f\u00fcr Damen &amp; Herren<\/p><\/blockquote>\n<p>Das Boarhub T-Shirt \u201eSmoke em\u201c ist mehr als nur ein Shirt \u2013 es ist ein Statement f\u00fcr alle J\u00e4gerinnen und J\u00e4ger, die ihre Leidenschaft auch im Alltag zeigen wollen. Wie alle Boarhub Designs ist auch dieses Motiv eine Hommage an die Jagd und \u00fcberzeugt durch ein markantes, unverwechselbares Design.<\/p>\n<p>Das \u201eSmoke em\u201c Motiv erinnert an eine klassische Zigarettenschachtel, wurde jedoch jagdlich interpretiert und macht das Shirt zum echten Hingucker \u2013 egal ob auf der Jagd, im Revier oder in der Freizeit.<\/p>\n<p>Details zum Boarhub T-Shirt \u201eSmoke em\u201c:<\/p>\n<ul>\n<li>Hochwertiger Baumwollstoff f\u00fcr angenehmen Tragekomfort<\/li>\n<li>Druck auf dem R\u00fccken (gro\u00df) und auf der linken Brust (klein)<\/li>\n<li>Damen- oder Herrenschnitt w\u00e4hlbar<\/li>\n<li>Verschiedene Farben verf\u00fcgbar<\/li>\n<li>Pflegeleichte Qualit\u00e4t und langlebiger Aufdruck<\/li>\n<\/ul>\n<p>Warum das \u201eSmoke em\u201c T-Shirt?<\/p>\n<p>Mit diesem T-Shirt zeigst du nicht nur deine Leidenschaft f\u00fcr die Jagd, sondern tr\u00e4gst ein echtes Sammlerst\u00fcck der Boarhub Kollektion. Das auff\u00e4llige Design macht es zu einem Must-have f\u00fcr J\u00e4ger, Hundef\u00fchrer und alle, die jagdliche Lifestyle-Mode lieben.<\/p>\n<p>abb. \u00e4hnlich, KI generiertes Bild<\/p>\n","protected":false},"excerpt":{"rendered":"<p>Boarhub T-Shirt \u201eSmoke em\u201c \u2013 Jagd-Design f\u00fcr Damen &amp; Herren Das Boarhub T-Shirt \u201eSmoke em\u201c ist mehr als nur ein Shirt \u2013 es ist ein Statement f\u00fcr alle J\u00e4gerinnen und J\u00e4ger, die ihre Leidenschaft auch im Alltag zeigen wollen. Wie alle Boarhub Designs ist auch dieses Motiv eine Hommage an die Jagd und \u00fcberzeugt durch [&hellip;]<\/p>\n","protected":false},"featured_media":9831,"template":"","meta":[],"product_brand":[],"product_cat":[444,84,445],"product_tag":[616,628,617,618,619,629,620,630,621,622,631,623,632,624],"class_list":{"0":"post-9827","1":"product","2":"type-product","3":"status-publish","4":"has-post-thumbnail","6":"product_cat-alles","7":"product_cat-boar-hub","8":"product_cat-klamotten","9":"product_tag-boarhub","10":"product_tag-boarhub-shirt-smoke-em","11":"product_tag-camouflage","12":"product_tag-hoodie","13":"product_tag-jagd","14":"product_tag-jagd-t-shirt-kaufen","15":"product_tag-jagdbekleidung","16":"product_tag-jagdbekleidung-lifestyle","17":"product_tag-jagdmode","18":"product_tag-keiler","19":"product_tag-lustiges-jagdshirt-design","20":"product_tag-schwarzwild","21":"product_tag-t-shirt-fuer-jaeger-damen-herren","22":"product_tag-wildhub","23":"product_shipping_class-standard","25":"first","26":"instock","27":"taxable","28":"shipping-taxable","29":"purchasable","30":"product-type-variable"},"_links":{"self":[{"href":"https:\/\/sonnenschein-uslar.de\/index.php?rest_route=\/wp\/v2\/product\/9827","targetHints":{"allow":["GET"]}}],"collection":[{"href":"https:\/\/sonnenschein-uslar.de\/index.php?rest_route=\/wp\/v2\/product"}],"about":[{"href":"https:\/\/sonnenschein-uslar.de\/index.php?rest_route=\/wp\/v2\/types\/product"}],"wp:featuredmedia":[{"embeddable":true,"href":"https:\/\/sonnenschein-uslar.de\/index.php?rest_route=\/wp\/v2\/media\/9831"}],"wp:attachment":[{"href":"https:\/\/sonnenschein-uslar.de\/index.php?rest_route=%2Fwp%2Fv2%2Fmedia&parent=9827"}],"wp:term":[{"taxonomy":"product_brand","embeddable":true,"href":"https:\/\/sonnenschein-uslar.de\/index.php?rest_route=%2Fwp%2Fv2%2Fproduct_brand&post=9827"},{"taxonomy":"product_cat","embeddable":true,"href":"https:\/\/sonnenschein-uslar.de\/index.php?rest_route=%2Fwp%2Fv2%2Fproduct_cat&post=9827"},{"taxonomy":"product_tag","embeddable":true,"href":"https:\/\/sonnenschein-uslar.de\/index.php?rest_route=%2Fwp%2Fv2%2Fproduct_tag&post=9827"}],"curies":[{"name":"wp","href":"https:\/\/api.w.org\/{rel}","templated":true}]}}