{"id":4624,"date":"2020-05-28T20:24:15","date_gmt":"2020-05-28T18:24:15","guid":{"rendered":"https:\/\/sonnenschein-uslar.de\/?post_type=product&#038;p=4624"},"modified":"2025-01-06T10:33:27","modified_gmt":"2025-01-06T09:33:27","slug":"rassehundesilhouette-stoffarmbaendchen-rund-14mm","status":"publish","type":"product","link":"https:\/\/sonnenschein-uslar.de\/?product=rassehundesilhouette-stoffarmbaendchen-rund-14mm","title":{"rendered":"Rassehundesilhouette Stoffarmb\u00e4ndchen Rund 14mm"},"content":{"rendered":"<p><strong>Hunde Silhouettenarmb\u00e4ndchen rund \u2013 Einzigartiger Schmuck f\u00fcr Hundeliebhaber<\/strong><\/p>\n<p>Unser Hunde Silhouettenarmb\u00e4ndchen rund ist das perfekte Accessoire f\u00fcr alle Hundeliebhaber. Die runde Gravurplatte mit einem Durchmesser von 14mm zeigt stilvolle Silhouetten von Hunden und ist in den Materialien Sterlingsilber und 333 Gelbgold erh\u00e4ltlich. Das Armband ist in der L\u00e4nge individuell verstellbar und passt sich somit jedem Handgelenk perfekt an.<\/p>\n<p>Sollte Ihre Wunschsilhouette nicht dabei sein, bieten wir Ihnen die M\u00f6glichkeit, eine eigene Silhouette an info@sonnenschein-uslar.de zu senden. Unser Team fertigt dann ein individuelles Armband ganz nach Ihren Vorstellungen an.<\/p>\n<p>Dieses hochwertige Armband wird in unserer Goldschmiede mit gr\u00f6\u00dfter Sorgfalt und Pr\u00e4zision hergestellt. Es ist nicht nur ein wundersch\u00f6nes Schmuckst\u00fcck, sondern auch ein pers\u00f6nliches Andenken an Ihren treuen Begleiter.<\/p>\n","protected":false},"excerpt":{"rendered":"<p>Hunde Silhouettenarmb\u00e4ndchen rund \u2013 Einzigartiger Schmuck f\u00fcr Hundeliebhaber Unser Hunde Silhouettenarmb\u00e4ndchen rund ist das perfekte Accessoire f\u00fcr alle Hundeliebhaber. Die runde Gravurplatte mit einem Durchmesser von 14mm zeigt stilvolle Silhouetten von Hunden und ist in den Materialien Sterlingsilber und 333 Gelbgold erh\u00e4ltlich. Das Armband ist in der L\u00e4nge individuell verstellbar und passt sich somit jedem [&hellip;]<\/p>\n","protected":false},"featured_media":3695,"template":"","meta":[],"product_brand":[],"product_cat":[444,17],"product_tag":[544,537,546,541,548,545,538,542,543,547],"class_list":{"0":"post-4624","1":"product","2":"type-product","3":"status-publish","4":"has-post-thumbnail","6":"product_cat-alles","7":"product_cat-armbaender","8":"product_tag-333-gelbgold","9":"product_tag-goldschmiede","10":"product_tag-gravurplatte","11":"product_tag-hunde-silhouettenarmbaendchen","12":"product_tag-hundeschmuck","13":"product_tag-individuelle-silhouette","14":"product_tag-personalisierter-schmuck","15":"product_tag-rundes-armband","16":"product_tag-sterlingsilber","17":"product_tag-verstellbares-armband","19":"first","20":"instock","21":"taxable","22":"shipping-taxable","23":"purchasable","24":"product-type-variable","25":"has-default-attributes"},"_links":{"self":[{"href":"https:\/\/sonnenschein-uslar.de\/index.php?rest_route=\/wp\/v2\/product\/4624","targetHints":{"allow":["GET"]}}],"collection":[{"href":"https:\/\/sonnenschein-uslar.de\/index.php?rest_route=\/wp\/v2\/product"}],"about":[{"href":"https:\/\/sonnenschein-uslar.de\/index.php?rest_route=\/wp\/v2\/types\/product"}],"wp:featuredmedia":[{"embeddable":true,"href":"https:\/\/sonnenschein-uslar.de\/index.php?rest_route=\/wp\/v2\/media\/3695"}],"wp:attachment":[{"href":"https:\/\/sonnenschein-uslar.de\/index.php?rest_route=%2Fwp%2Fv2%2Fmedia&parent=4624"}],"wp:term":[{"taxonomy":"product_brand","embeddable":true,"href":"https:\/\/sonnenschein-uslar.de\/index.php?rest_route=%2Fwp%2Fv2%2Fproduct_brand&post=4624"},{"taxonomy":"product_cat","embeddable":true,"href":"https:\/\/sonnenschein-uslar.de\/index.php?rest_route=%2Fwp%2Fv2%2Fproduct_cat&post=4624"},{"taxonomy":"product_tag","embeddable":true,"href":"https:\/\/sonnenschein-uslar.de\/index.php?rest_route=%2Fwp%2Fv2%2Fproduct_tag&post=4624"}],"curies":[{"name":"wp","href":"https:\/\/api.w.org\/{rel}","templated":true}]}}