{"id":3763,"date":"2020-01-10T07:51:38","date_gmt":"2020-01-10T06:51:38","guid":{"rendered":"https:\/\/sonnenschein-uslar.de\/?post_type=product&#038;p=3763"},"modified":"2025-01-06T11:04:58","modified_gmt":"2025-01-06T10:04:58","slug":"erkennungsmarke-us-kettenanhaenger-kopie","status":"publish","type":"product","link":"https:\/\/sonnenschein-uslar.de\/?product=erkennungsmarke-us-kettenanhaenger-kopie","title":{"rendered":"Erkennungsmarke US Kettenanh\u00e4nger"},"content":{"rendered":"<p>Kettenanh\u00e4nger (2 St\u00fcck) gefertigt in .925 Sterlingsilber in Form einer US Erkennungsmarke mit tief gravierten Namen, ca. 11mm<\/p>\n<p>Weitere Motive und Materialien fertigen wir gerne auf Wunsch. Bitte sprechen Sie uns an.<\/p>\n","protected":false},"excerpt":{"rendered":"<p>Kettenanh\u00e4nger (2 St\u00fcck) gefertigt in .925 Sterlingsilber in Form einer US Erkennungsmarke mit tief gravierten Namen, ca. 11mm<\/p>\n<p>Weitere Motive und Materialien fertigen wir gerne auf Wunsch. Bitte sprechen Sie uns an.<\/p>\n","protected":false},"featured_media":3768,"template":"","meta":[],"product_brand":[],"product_cat":[444,510,20],"product_tag":[],"class_list":{"0":"post-3763","1":"product","2":"type-product","3":"status-publish","4":"has-post-thumbnail","6":"product_cat-alles","7":"product_cat-gravur","8":"product_cat-ketten","10":"first","11":"instock","12":"taxable","13":"shipping-taxable","14":"purchasable","15":"product-type-variable"},"_links":{"self":[{"href":"https:\/\/sonnenschein-uslar.de\/index.php?rest_route=\/wp\/v2\/product\/3763","targetHints":{"allow":["GET"]}}],"collection":[{"href":"https:\/\/sonnenschein-uslar.de\/index.php?rest_route=\/wp\/v2\/product"}],"about":[{"href":"https:\/\/sonnenschein-uslar.de\/index.php?rest_route=\/wp\/v2\/types\/product"}],"wp:featuredmedia":[{"embeddable":true,"href":"https:\/\/sonnenschein-uslar.de\/index.php?rest_route=\/wp\/v2\/media\/3768"}],"wp:attachment":[{"href":"https:\/\/sonnenschein-uslar.de\/index.php?rest_route=%2Fwp%2Fv2%2Fmedia&parent=3763"}],"wp:term":[{"taxonomy":"product_brand","embeddable":true,"href":"https:\/\/sonnenschein-uslar.de\/index.php?rest_route=%2Fwp%2Fv2%2Fproduct_brand&post=3763"},{"taxonomy":"product_cat","embeddable":true,"href":"https:\/\/sonnenschein-uslar.de\/index.php?rest_route=%2Fwp%2Fv2%2Fproduct_cat&post=3763"},{"taxonomy":"product_tag","embeddable":true,"href":"https:\/\/sonnenschein-uslar.de\/index.php?rest_route=%2Fwp%2Fv2%2Fproduct_tag&post=3763"}],"curies":[{"name":"wp","href":"https:\/\/api.w.org\/{rel}","templated":true}]}}