{"id":1480,"date":"2018-03-17T16:17:48","date_gmt":"2018-03-17T15:17:48","guid":{"rendered":"http:\/\/sonnenschein-uslar.de\/?post_type=product&#038;p=1480"},"modified":"2025-09-26T11:07:34","modified_gmt":"2025-09-26T09:07:34","slug":"paracordarmband-mit-patronenhuelse-und-steinchen","status":"publish","type":"product","link":"https:\/\/sonnenschein-uslar.de\/?product=paracordarmband-mit-patronenhuelse-und-steinchen","title":{"rendered":"Paracordarmband mit Patronenh\u00fclse und Steinchen"},"content":{"rendered":"<p>Paracordarmband mit\u00a0 Partonenh\u00fclse, hinterlegt mit .925 Sterlingsilber (nur bei vergoldeter Variante) und Zirkonia mittig im Z\u00fcndh\u00fctchen in Wunschfarbe und L\u00e4nge und gerne auch aus der eigenen H\u00fclse gefertigt<\/p>\n<p>Bitte bei der Bestellung unter Bemerkungen Kaliber\/Hersteller oder \u201eeigene H\u00fclse\u201c angeben.<\/p>\n<p>Bei Versand der eigenen H\u00fclse bitte einen gepolsterten Umschlag verwenden und eine Notiz mit Namen und Anschrift sowie der Artikelbeschreibung beif\u00fcgen.<\/p>\n<p><span style=\"display: inline ! important; float: none; background-color: transparent; color: #ff0000; cursor: text; font-family: Georgia,'Bitstream Charter',serif; font-size: 16px; font-style: normal; font-variant: normal; font-weight: 400; letter-spacing: normal; line-height: 24px; orphans: 2; text-align: left; text-decoration: none; text-indent: 0px; text-transform: none; white-space: normal; word-spacing: 0px;\"><strong>Anfertigungszeit ca. 3-5 Wochen ab Auftragseingang.<\/strong><\/span><\/p>\n","protected":false},"excerpt":{"rendered":"<p>Paracordarmband mit vergoldeter Partonenh\u00fclse, hinterlegt mit .925 Sterlingsilber<\/p>\n","protected":false},"featured_media":1142,"template":"","meta":[],"product_brand":[],"product_cat":[444,17,19],"product_tag":[],"class_list":{"0":"post-1480","1":"product","2":"type-product","3":"status-publish","4":"has-post-thumbnail","6":"product_cat-alles","7":"product_cat-armbaender","8":"product_cat-patronenartikel","9":"product_shipping_class-standard","11":"first","12":"instock","13":"taxable","14":"shipping-taxable","15":"purchasable","16":"product-type-variable"},"_links":{"self":[{"href":"https:\/\/sonnenschein-uslar.de\/index.php?rest_route=\/wp\/v2\/product\/1480","targetHints":{"allow":["GET"]}}],"collection":[{"href":"https:\/\/sonnenschein-uslar.de\/index.php?rest_route=\/wp\/v2\/product"}],"about":[{"href":"https:\/\/sonnenschein-uslar.de\/index.php?rest_route=\/wp\/v2\/types\/product"}],"wp:featuredmedia":[{"embeddable":true,"href":"https:\/\/sonnenschein-uslar.de\/index.php?rest_route=\/wp\/v2\/media\/1142"}],"wp:attachment":[{"href":"https:\/\/sonnenschein-uslar.de\/index.php?rest_route=%2Fwp%2Fv2%2Fmedia&parent=1480"}],"wp:term":[{"taxonomy":"product_brand","embeddable":true,"href":"https:\/\/sonnenschein-uslar.de\/index.php?rest_route=%2Fwp%2Fv2%2Fproduct_brand&post=1480"},{"taxonomy":"product_cat","embeddable":true,"href":"https:\/\/sonnenschein-uslar.de\/index.php?rest_route=%2Fwp%2Fv2%2Fproduct_cat&post=1480"},{"taxonomy":"product_tag","embeddable":true,"href":"https:\/\/sonnenschein-uslar.de\/index.php?rest_route=%2Fwp%2Fv2%2Fproduct_tag&post=1480"}],"curies":[{"name":"wp","href":"https:\/\/api.w.org\/{rel}","templated":true}]}}