{"id":1378,"date":"2018-03-17T10:51:13","date_gmt":"2018-03-17T09:51:13","guid":{"rendered":"http:\/\/sonnenschein-uslar.de\/?post_type=product&#038;p=1378"},"modified":"2025-10-28T18:28:05","modified_gmt":"2025-10-28T17:28:05","slug":"geweihring","status":"publish","type":"product","link":"https:\/\/sonnenschein-uslar.de\/?product=geweihring","title":{"rendered":"Geweihring"},"content":{"rendered":"<p>Geweihring aus .925 Sterlingsilber oder .333 Gelbgold in feiner Handarbeit angefertigt.&nbsp;<\/p>\n<p>Probleme bei der Gr\u00f6\u00dfenbestimmung? Kein Problem, auf Wunsch senden wir Ihnen gerne ein Ringma\u00df zu oder nehemn die Ringgr\u00f6\u00dfe von einem vorhandenen Ring ab.<\/p>\n<p><span style=\"display: inline !important; float: none; background-color: transparent; color: #444444; cursor: text; font-family: Georgia,'Bitstream Charter',serif; font-size: 16px; font-style: normal; font-variant: normal; font-weight: 400; letter-spacing: normal; line-height: 24px; orphans: 2; text-align: left; text-decoration: none; text-indent: 0px; text-transform: none; -webkit-text-stroke-width: 0px; white-space: normal; word-spacing: 0px;\">Anfertigungszeit ca. 2-4 Wochen ab Auftragseingang&nbsp;<\/span><\/p>\n","protected":false},"excerpt":{"rendered":"<p>Geweihring aus .925 Sterlingsilber oder .333 Gelbgold in feiner Handarbeit angefertigt.&nbsp; Probleme bei der Gr\u00f6\u00dfenbestimmung? Kein Problem, auf Wunsch senden wir Ihnen gerne ein Ringma\u00df zu oder nehemn die Ringgr\u00f6\u00dfe von einem vorhandenen Ring ab. Anfertigungszeit ca. 2-4 Wochen ab Auftragseingang&nbsp;<\/p>\n","protected":false},"featured_media":3562,"template":"","meta":[],"product_brand":[],"product_cat":[444,18],"product_tag":[],"class_list":{"0":"post-1378","1":"product","2":"type-product","3":"status-publish","4":"has-post-thumbnail","6":"product_cat-alles","7":"product_cat-ringe","8":"product_shipping_class-standard","10":"first","11":"instock","12":"taxable","13":"shipping-taxable","14":"purchasable","15":"product-type-variable"},"_links":{"self":[{"href":"https:\/\/sonnenschein-uslar.de\/index.php?rest_route=\/wp\/v2\/product\/1378","targetHints":{"allow":["GET"]}}],"collection":[{"href":"https:\/\/sonnenschein-uslar.de\/index.php?rest_route=\/wp\/v2\/product"}],"about":[{"href":"https:\/\/sonnenschein-uslar.de\/index.php?rest_route=\/wp\/v2\/types\/product"}],"wp:featuredmedia":[{"embeddable":true,"href":"https:\/\/sonnenschein-uslar.de\/index.php?rest_route=\/wp\/v2\/media\/3562"}],"wp:attachment":[{"href":"https:\/\/sonnenschein-uslar.de\/index.php?rest_route=%2Fwp%2Fv2%2Fmedia&parent=1378"}],"wp:term":[{"taxonomy":"product_brand","embeddable":true,"href":"https:\/\/sonnenschein-uslar.de\/index.php?rest_route=%2Fwp%2Fv2%2Fproduct_brand&post=1378"},{"taxonomy":"product_cat","embeddable":true,"href":"https:\/\/sonnenschein-uslar.de\/index.php?rest_route=%2Fwp%2Fv2%2Fproduct_cat&post=1378"},{"taxonomy":"product_tag","embeddable":true,"href":"https:\/\/sonnenschein-uslar.de\/index.php?rest_route=%2Fwp%2Fv2%2Fproduct_tag&post=1378"}],"curies":[{"name":"wp","href":"https:\/\/api.w.org\/{rel}","templated":true}]}}